 Suppose -2*o - g = -6. Is h(o) composite?
True
Is (2 + (-35120)/6)/((-378)/567) composite?
True
Is ((-6)/4)/(((-12)/(-69848))/(-1)) a composite number?
False
Suppose -x + 270 = 2*x. Suppose 6 = -2*g - 5*c, 1 = 4*g + 2*c - 3. Suppose 5*u + 5*f - 168 = u, -4*f + x = g*u. Is u a composite number?
False
Let u = 14927 - 4162. Is u prime?
False
Suppose 2*j + 2*j = 32. Suppose 262*f = 261*f - 12. Is (3544/(-12))/(j/f) composite?
False
Let a be 522/(-4)*(21/(-3) - -9). Let h = -148 - a. Is h a composite number?
False
Let a be 2/10 - (-6198)/10. Suppose d - a = 2*o, 3*o = d + 7*o - 638. Suppose 92 - d = -2*i. Is i a composite number?
True
Let x = 77 + 34. Is x prime?
False
Let w(n) = -36*n - 1. Let f be w(-6). Suppose -3*b - 243 = -2*h + 191, h = b + f. Is h a prime number?
True
Let q be (-419)/(-6) - 2/(-12). Let a = 193 + q. Is a a prime number?
True
Suppose 0 = -4*x - 3*o + 29147, -5189 = -x + o + 2089. Is x composite?
False
Is 105/70*4706/3 prime?
False
Suppose 34*c - 1294443 = 2095391. Is c a prime number?
False
Let f be -2*22*3/(-12). Suppose -f*x + 2524 = -7*x. Is x a composite number?
False
Let d be 0 + (-4)/((-20)/(-4145)). Let g = 1248 + d. Is g a composite number?
False
Let u(t) = t**2 + 10*t + 13. Let v be u(-9). Suppose v*s - 5*i - 3074 = 1102, -4*s = 2*i - 4204. Is s a composite number?
False
Let y(u) = -184*u**3 + 5*u**2 - 7*u - 13. Is y(-3) prime?
True
Let j = 73913 - 42444. Is j composite?
False
Let a be 7 - ((-48)/(-15) - (-3)/(-15)). Is (680 + -3 - a) + 0 + 0 a composite number?
False
Suppose 5*p - 4*u + 11 = 0, 0*p - 5*p = 3*u + 18. Is (-24945)/(-45) - (-4)/p a composite number?
True
Let n(o) = 10*o**2 + 20*o - 52. Let f be n(15). Suppose -b - b + f = 0. Is b a composite number?
False
Suppose 5*t - 17 = 108. Let b = t - 108. Let g = b - -148. Is g a composite number?
True
Let a = -40008 + 56191. Is a composite?
False
Suppose -4*f - 3*f = 0. Let k(p) = 3*p + 701. Is k(f) composite?
False
Suppose -2*p + 3*y + 17 = 0, -7 = p + p + 5*y. Let b be ((-2320)/6)/p*-3. Let h = 667 - b. Is h composite?
True
Let a = 15 + -12. Suppose -2*n = -n + 5*x - 369, x = -a*n + 1149. Let m = -253 + n. Is m composite?
False
Let g(k) = -132*k + 17. Let v(n) = -131*n + 17. Let l(c) = 2*g(c) - 3*v(c). Let s be l(7). Let h = s - 207. Is h prime?
False
Suppose 28*d - 20 = 24*d. Suppose -10*l + 6*l + 4163 = 3*r, 5*r = d*l + 6880. Is r composite?
False
Let h = -3 + 8. Suppose 0 = h*s - 0*s. Suppose -13 = -i + f + 296, s = 4*i + f - 1226. Is i composite?
False
Let d(i) = -98*i**3 - 2*i**2 - 3*i - 6. Is d(-3) prime?
False
Let o be 26/(-7) + 2/(-7). Is (-50)/(-40) + (-1871)/o composite?
True
Suppose 0 = -29*d + 23*d + 3738. Let v = d - -10. Is v prime?
False
Let j(t) = 31*t**2 - 44*t + 137. Is j(18) a composite number?
True
Let a = 93 - 92. Is 13576/(-4)*(-3)/2*a a composite number?
True
Suppose 3*d + 512 = 4*d + h, d + 3*h - 520 = 0. Suppose 13*a = 15*a - d. Is a prime?
False
Let r = 1704 + 4219. Is r a prime number?
True
Let u(d) = d**3 + 13*d**2 + 10*d + 3. Suppose 18*r - 14*r = 240. Suppose 8*z + r = 2*z. Is u(z) a composite number?
True
Suppose 4*f - 1379 = -23. Suppose -3*w - f = -2*b, -902 = -5*b + 4*w - 37. Is b composite?
True
Let w = -31 - -33. Is (-33)/(-11) + 482*w composite?
False
Let j(c) = -18*c - 2. Let d be j(-4). Let q be d/(-3)*(-1 - 2). Suppose 0 = -v + 143 + q. Is v prime?
False
Suppose 9 = -j + 2*j. Suppose -w + 3 = j. Is -1730*3/w + -2 prime?
True
Let t(m) be the second derivative of 11*m**7/120 - m**6/180 + m**5/40 - m**4/24 + 3*m**3/2 - 8*m. Let q(r) be the second derivative of t(r). Is q(1) prime?
False
Is (-6 - 54/(-12)) + (-211796)/(-8) a composite number?
True
Let y(w) = -20*w**2 - w + 1. Let z be (-2)/9 - 32/18. Let p be y(z). Let r = 146 - p. Is r a prime number?
True
Let v = 3555 - -12746. Is v a prime number?
True
Let j(d) = -30*d. Let z be j(-4). Suppose -z + 18 = -2*u. Let b = -4 + u. Is b a composite number?
False
Suppose -4*t + 4*j + 18580 = -33556, 4*j = -5*t + 65161. Is t composite?
False
Suppose -421*g + 422*g - 32151 = 2*l, -160779 = -5*g + 4*l. Is g prime?
True
Let s be 104/13*1/2. Let w = -1 + s. Suppose -2*g + 2*p = w*g - 179, -4*g + 142 = -p. Is g a composite number?
True
Suppose -17*o - 5 - 12 = 0. Let i(y) = -y**2 + 6*y + 1. Let r be i(5). Is r - -183 - (1 - o) prime?
False
Let t(r) = -12*r + 2. Let a be t(1). Let m be a/55 + (-3106)/(-22). Let d = m - 74. Is d prime?
True
Let r(z) = 4*z**2 - 19*z - 3. Let s(k) be the first derivative of 5*k**3/3 - 10*k**2 - 3*k - 1. Let i(b) = -4*r(b) + 3*s(b). Is i(11) prime?
False
Let w = -1241 - -3298. Suppose 10*q - 2413 = w. Is q a composite number?
True
Let k be ((-2 - 10)*2/(-4))/2. Is (1370/(-15))/((-1)/k) a composite number?
True
Let i(v) = 2403*v**2 - 74*v - 29. Is i(-6) a composite number?
False
Suppose -6 = -3*n - 5*l, -6 + 32 = 5*n + 3*l. Let k be n - (12/4)/3. Suppose -k*v = -4*v - 638. Is v composite?
True
Let v be (35/(-15) + 2)*(2 + 4). Is (-13558)/(-4) + v/4 composite?
False
Is 649276/111 + 2/(-6) prime?
True
Let l(i) = 20*i**2 + 119*i + 29. Is l(32) prime?
True
Suppose -2*z = -3*z - 3. Let l be 5*(130 + z/(-3)). Let a = l + 32. Is a composite?
True
Let a(x) = 7*x + 22. Let f = -21 + 30. Is a(f) prime?
False
Suppose 4*v = 5*m - 13467 - 18890, -4*v + 32333 = 5*m. Is m a prime number?
True
Let g = 283 + 102. Suppose -2*h = 5*h - g. Is h composite?
True
Let c be (0 - 1) + 6/(-6). Let a be -1 - (1 + c + 0). Suppose a = -j - 3*j + 148. Is j a prime number?
True
Let y(q) = 2*q - 7. Let r be y(-9). Let g be (r/10)/(1/(-6)). Let b = 134 + g. Is b a composite number?
False
Let x(s) = 3 + 6*s - 2 - s**2 - 5. Let z be x(6). Is z + 2 + 235 + 0 prime?
True
Let o = 10 - 17. Let a = -5 - o. Suppose -5*r + 938 = 5*q - a*q, -r = 3*q - 190. Is r prime?
False
Let b(m) = 2*m**3 - 11*m**2 - 6*m + 12. Let a be b(9). Suppose -a = -x - 128. Is x composite?
False
Let g be (-3)/(-6) + (-11925)/6. Let h = g + 3728. Is h a prime number?
True
Let l be ((-3)/6)/((-1)/250). Let q = -80 + l. Let d = -14 + q. Is d prime?
True
Let s = 7786 - 5314. Suppose -h = -s - 1471. Is h prime?
True
Let n be 2*(1 - (-50)/(-4)). Let u = n + 17. Is 2/u + (-154)/(-3) a prime number?
False
Let c(u) = -2*u + 8*u - 3 + 0 + 5. Let x be c(1). Suppose 0 = 3*f - 5*g - 588, 387 - x = 2*f + g. Is f a prime number?
True
Suppose 3*c + 21342 = 5*o + 6*c, 0 = 4*o - 5*c - 17081. Is o a composite number?
True
Let w = -16 - -21. Let n(m) = 2*m**3 - 1. Let j be n(w). Suppose 0 = -2*s - s + j. Is s a prime number?
True
Let l(h) = -213*h**3 - 5*h**2 + 10*h + 23. Is l(-4) a composite number?
True
Let y = -2 - -6. Suppose 8*s + 3*c - 1345 = 3*s, 1069 = y*s + c. Let v = s + -127. Is v composite?
False
Suppose 25*t - 237374 = -7299. Is t prime?
True
Let h(x) = x**2 + 5*x - 4. Let m be h(-6). Suppose 0*o = -m*o, -3*l - o = -2721. Is l prime?
True
Let p(g) be the second derivative of 35*g**4/12 - g**3/3 + 5*g**2/2 + 250*g. Let b(m) = -m**2 + 7*m - 6. Let a be b(5). Is p(a) a composite number?
False
Let a(i) = -12*i**2 + 13*i - 49. Let u be a(-21). Let p = u + 11107. Is p composite?
True
Let l(o) = 62*o**3 + o**2 + 2*o - 3. Is l(4) a prime number?
True
Let n be (2 + -3190)*(-6)/8. Suppose -9*y + 6*y = -n. Is y a composite number?
False
Suppose 0 = 7*x - 12*x + 1275. Let l = -93 + x. Suppose 0 = -2*w - 28 + l. Is w a prime number?
True
Let n be (-1)/2 - 28/(-8). Suppose -2*g - n*c + 314 = -c, 0 = 5*c + 20. Is g prime?
False
Suppose 2*j = 2*o + 6, 3*j - 2*j = -4*o - 12. Is ((1 - 632) + j)*-1 a composite number?
False
Let c(r) = -42*r**3 - 2*r**2 - 2*r - 1. Let g be c(-2). Suppose 4*w = n - g, n = 5*w + 73 + 258. Is n a composite number?
False
Let h = 121663 + -51561. Is h a composite number?
True
Let n be 3/(-4) + (-21)/4. Is (5115/45)/((-2)/n) a prime number?
False
Suppose 48437 = 2*p + 11979. Is p a composite number?
False
Suppose -2*x - 4*j = -3782, -9 + 8 = -j. Is x a composite number?
False
Suppose 11*z - 8*z = -9. Let n(s) = s - 6. Let x be n(7). Is x + z - -3 - -18 a prime number?
True
Suppose -2*y = y - 12. Suppose y*w = 3450 + 878. Let o = 1555 - w. Is o a prime number?
False
Suppose -z + 3*g + 151 = -780, -2*z + 2*g + 1850 = 0. Is z + 2 - 9/(-12)*-4 prime?
False
Suppose 57*v = 46*v + 188969. Is v prime?
False
Suppose 0 = -w - 2